s + 360 = 0, 0 = 4*s + s. Calculate the highest common factor of 72 and y.
72
Let q be (((-288)/20)/6)/(12/(-480)). What is the greatest common divisor of q and 160?
32
Let g(q) be the third derivative of -q**5/60 - 5*q**4/24 - q**3/3 + 3*q**2. Let d be g(-4). Let f = 19 + d. Calculate the greatest common factor of f and 14.
7
Let q(s) = -s**3 + 4*s**2 + 2*s - 3. Let i be q(4). Suppose -z + 5 + i = 0. What is the greatest common factor of 20 and z?
10
Let k be -22*112/12*(-15)/10. Calculate the greatest common divisor of 220 and k.
44
Let y(l) = -9*l + 5. Let u be -12 - -2*10/5. Let q be y(u). What is the highest common factor of 7 and q?
7
Let c(t) = t**3 - 3*t**2 - 20*t - 29. Let j be c(7). Calculate the greatest common divisor of j and 108.
27
Suppose 0 = c + 3, 3*c - 381 = 3*x - 6*x. Calculate the highest common divisor of x and 20.
10
Let a = 1148 - 1141. What is the highest common divisor of 56 and a?
7
Suppose 2*u = -2*j + 128, 5*j - 24*u + 25*u = 304. Calculate the highest common divisor of 140 and j.
20
Let v be (18/5)/((-200)/(-23500)). Calculate the highest common divisor of 235 and v.
47
Let t be (1239/(-2))/((-198)/132). Calculate the greatest common factor of 236 and t.
59
Let g = -13 - -18. Let i be 4/(-5)*2/(16/(-20)). Calculate the greatest common factor of i and g.
1
Suppose -4*l + 32 = 5*g, 0 = 2*l - g - 2. Calculate the greatest common divisor of l and 12.
3
Suppose 2*w = 3*w. Suppose 69 = 6*s - 9*s. Let x be w + 2 + (1 - s). Calculate the highest common divisor of x and 13.
13
Let w = 19 - 10. Let y = -4 + 6. Let n be (3 + y + -1)/((-22)/(-33)). Calculate the greatest common factor of n and w.
3
Let n = -670 - -814. Suppose -4*o + 21 = -47. Suppose 3 - o = -i - 2*l, -2*l - 22 = -i. What is the highest common factor of n and i?
18
Let v = -14 + 168. Let g be v/13 + (-8)/(-52). Calculate the highest common factor of 108 and g.
12
Let q = 638 - 311. Calculate the highest common divisor of q and 763.
109
Let k(p) = p**3 + 10*p**2 + 6*p - 4. Let u be k(-9). Let w = u + -15. Suppose 3*l - w*l = -35. Calculate the greatest common factor of 14 and l.
7
Let m be ((-246)/(-15))/(9/(-15) - -1). Suppose 0 = -3*f - 6, 3*c - 2*f - 250 = -0*c. Calculate the greatest common factor of c and m.
41
Let b be 6/(-4)*368/12. Let x = b - -73. Calculate the highest common divisor of x and 108.
27
Suppose s - 385 = 5*p, 138 = 4*s - 5*p - 1402. Calculate the greatest common factor of 70 and s.
35
Suppose 0*c - 6*c + 114 = 0. Let g = 339 + -206. Calculate the highest common divisor of c and g.
19
Suppose -2004 = -4*r + 4*d, -225 + 1222 = 2*r + 3*d. Let u be r/15 - 3/9. Calculate the greatest common factor of 11 and u.
11
Let o = -114 - -97. Suppose -5*r - 37 - 18 = 0. Let p = r - o. Calculate the highest common divisor of p and 54.
6
Let k(b) = b**3 - 9*b**2 + 7*b - 7. Let w be k(8). Let q be -5*(96/w + 3) - -3. Calculate the highest common divisor of 5 and q.
5
Suppose 5*w + 3*p = 3*w + 132, 0 = w - 4*p - 77. Calculate the greatest common factor of w and 115.
23
Let u(o) = o**2 - 23*o + 118. Let r be u(38). Calculate the greatest common divisor of r and 16.
16
Suppose 2*r - 39 = k + 2*k, -2*k = 2*r - 14. Suppose 5*h = 67 + 53. What is the greatest common divisor of r and h?
12
Suppose j = 3*j - 6. Let l be -1 + -2 + (j - -3). Suppose w - 4*i - 33 = -0*w, -l*i - 216 = -5*w. What is the highest common divisor of 5 and w?
5
Suppose q = 4 - 0. Suppose -2*d + d = f - 4, q*f - d = 26. Suppose f*k - 44 = 2*k. What is the highest common divisor of k and 11?
11
Let s = -5 + 1. Let b be -1 - 1/(s/32). Suppose -168 = 3*z - 6*z - 4*o, -2*z + 112 = 3*o. What is the highest common factor of z and b?
7
Let l = -6 - -9. Let n = 8 - l. Suppose 5*p - h = 393, -5*h - 264 = -n*p + 141. Calculate the highest common divisor of p and 52.
26
Let r be ((-2)/5 - 2)*5. Let a(k) = -k**2 - 33 + 48 + 0*k - 11*k. Let z be a(r). Calculate the highest common factor of z and 6.
3
Suppose -3*z = -r + 338, -6*z - 336 = -r - 5*z. What is the highest common divisor of r and 67?
67
Let w = -35 + 25. Let l(f) = -f**3 - 9*f**2 + 6*f - 7. Let r be l(w). What is the greatest common divisor of 264 and r?
33
Let p be (-2 - 220/(-8))*-2. Let c = -23 - p. Calculate the highest common factor of 14 and c.
14
Suppose 4*j + 47*h = 44*h + 780, -3*j = h - 585. Calculate the greatest common divisor of j and 10.
5
Let n = 201 + -96. Suppose 2*r + 5*r = 4*r. Let v(t) = -2*t**2 - 2*t + 15. Let a be v(r). Calculate the greatest common factor of n and a.
15
Let k be -11*(18/(-108) + (-5)/6). Suppose 0 = 4*f - 205 - 15. What is the greatest common factor of f and k?
11
Let d = -24 + 16. Let v be d + 1 - (2 - -1). Let z = v + 32. What is the highest common factor of 198 and z?
22
Let d(y) = -y**3 + 13*y**2 - 29*y + 83. Let c be d(9). What is the highest common factor of c and 4?
2
Let m = 488 - 250. Let c be 32/6 - 5/15. Suppose -3*i = c*a - 122, 5*i + 5*a - 228 = -38. Calculate the greatest common divisor of i and m.
34
Suppose 7871 + 25281 = 37*y. What is the highest common factor of y and 14?
14
Let l = -48 + 52. Suppose d - p = 10, 0 = l*d - p - 2*p - 38. What is the highest common factor of 56 and d?
8
Suppose -110*v + 12727 = -44693. What is the greatest common divisor of 232 and v?
58
Suppose 40 - 115 = -5*y. Let i = y - -17. Suppose 4*r - 2*r = i. What is the greatest common factor of r and 48?
16
Let i(z) = 8*z**2 + 8. Suppose -5*u + 4*o + 26 = 2*o, 2*u - 23 = 5*o. Let f be i(u). What is the highest common factor of 17 and f?
17
Suppose 0 = 2*y + 3*y + 15, y - 258 = -x. Let q = 78 + -99. Let s = q + 50. What is the highest common factor of x and s?
29
Let x(r) = -4*r**2 - r + 2. Let w be x(-3). Let j = w + 77. What is the greatest common factor of j and 115?
23
Suppose 0*j - 2*j = -4*u - 24, -5*u = -3*j + 36. Let g = -458 + 461. Calculate the greatest common divisor of g and j.
3
Let z be 2/((14/12)/7). Suppose 0 = -5*j + j + 2516. Suppose j = 6*p - 19. Calculate the greatest common factor of p and z.
12
Suppose 4*w + 4*r = 2368 - 964, -4*w - 2*r = -1406. Let y = 224 + -192. What is the highest common divisor of w and y?
32
Suppose -2*y + 31 + 21 = 0. Let v(i) = i + 12. Let d be v(-2). Let a = 29 + d. What is the highest common factor of a and y?
13
Let x = 1064 + 264. Calculate the highest common divisor of x and 83.
83
Suppose 0 = m + 5*m - 36. Calculate the greatest common factor of 138 and m.
6
Let n be (-4)/(-6) + 92/6. Let h(x) = 7*x - 208. Let k be h(48). What is the highest common factor of n and k?
16
Let h = -39 - -33. Let c be 9/h*-8*(-21)/(-4). What is the greatest common divisor of 7 and c?
7
Let j be 149 - (1 - 0)*1. Suppose 4*d = -4*u - 40 + j, 2*u = 10. Suppose 0 = -8*t + 803 + 77. Calculate the greatest common divisor of d and t.
22
Let j(i) = 3*i**3 + 20*i**2 + 7*i - 6. Let g be j(-6). What is the greatest common factor of g and 3?
3
Let v be ((-1445)/20)/((-2)/8). What is the highest common divisor of 51 and v?
17
Let y be ((-28)/(-3))/(-3 - (-145)/45). Let r = -148 + 232. Calculate the highest common factor of r and y.
42
Let o(j) = 3*j**2 + 10*j - 20. Let r be o(2). What is the greatest common divisor of r and 144?
12
Let r be (6/9)/((-4)/114). Let p(s) = 2*s + 62. Let b be p(r). What is the highest common factor of 84 and b?
12
Let l = -54 - -70. Let x = l - 2. Calculate the highest common divisor of x and 2.
2
Let w = -14 - -40. Let p = 1 - 13. Let t(s) = -4*s - 9. Let n be t(p). Calculate the highest common factor of w and n.
13
Let n be 3/((6/(-4))/(-1)). Suppose 4*u = n*u - 8. Let h be 7 + u*(-3)/6. Calculate the greatest common divisor of 9 and h.
9
Let w be (18 - -2)*(-5)/(-5). Suppose -x + 3*x - w = 0. What is the highest common factor of 90 and x?
10
Suppose 121 - 67 = 3*q. What is the highest common factor of 207 and q?
9
Suppose -16*h + 14*h = -150. Suppose 4*l = 3*l + h. What is the highest common factor of 30 and l?
15
Let a(x) = -x - 1. Let u be a(-3). Let f be 1296/32 - 1/2. Suppose -19*y + f = -15*y. Calculate the greatest common factor of y and u.
2
Let y be 12/(-54) + (-110)/(-9). What is the highest common divisor of y and 40?
4
Let d = 730 + -655. Calculate the greatest common factor of d and 125.
25
Suppose -5*i + j = -10*i + 211, 4*i - 165 = 3*j. Calcu